et y = -13 - w. What is the greatest common divisor of y and 45?
15
Let j = -53 - -318. Calculate the highest common divisor of 159 and j.
53
Let d = 435 + -215. What is the highest common factor of d and 44?
44
Let c = -312 + 339. Calculate the highest common divisor of 117 and c.
9
Let h be (-192)/40*(-127 - -2). Calculate the greatest common factor of h and 36.
12
Suppose v - 5*v = -1524. Suppose -v - 99 = -5*r. What is the greatest common factor of r and 12?
12
Let h = 1890 - 1886. Suppose -5 = -4*x + 3. Calculate the highest common factor of x and h.
2
Let a be 0 + 39/(1 - -2). Let y(r) = 12*r**2 + 14*r - 13. Let l be y(1). Calculate the highest common factor of l and a.
13
Suppose -5*r + 128 = y - 2*y, r - y - 28 = 0. Calculate the highest common divisor of 5 and r.
5
Suppose 5*x + 2*g = 4*g + 368, -2*g = -4*x + 296. Let a(b) = -2*b**3 + 62*b**2 + 63*b + 40. Let i be a(32). What is the greatest common divisor of x and i?
8
Suppose -5*m + 43 = f - 0*m, -f - m = -63. Let k = f + 32. Suppose 2*y + k = 4*y. Calculate the highest common divisor of y and 20.
10
Suppose -5*t + 97 = 37. Let l be -2 + (t - (2 - 2)). Calculate the highest common divisor of l and 4.
2
Suppose -5*p + 2*z - 4*z + 245 = 0, 3*z - 245 = -5*p. Suppose 2*j + 3*i = p, -i + 0*i = 3*j - 63. Calculate the highest common factor of 50 and j.
10
Suppose 0 = 56*t + 49*t - 5775. Suppose c - 23 = -3*x + 2*x, 3*c - 68 = -2*x. Calculate the greatest common factor of t and c.
11
Let d(m) = -m**2 + 7*m - 21. Let l(g) = -2*g**2 + 10*g - 31. Let a(s) = 7*d(s) - 5*l(s). Let k be a(-3). What is the greatest common factor of 95 and k?
19
Let a be (-118)/(-8) - 1/(-4). Let i(c) = -c**2 + 6*c - 5. Let r be i(4). Suppose a = 4*l - 5, r*l = 4*j - 13. What is the highest common factor of 7 and j?
7
Suppose -70*p + 65*p + 70 = 0. Calculate the highest common factor of 3 and p.
1
Let m(s) = 4*s**3 - 20*s**2 + s + 9. Let x be m(5). What is the greatest common factor of 203 and x?
7
Suppose 0 = -4*w + 46 - 18. Suppose -5*l + 18 = -w. Suppose -3*r = -2*q - l*r + 36, 57 = 3*q + 4*r. Calculate the highest common factor of q and 3.
3
Let z be (-2 + (-28)/(-8))*2. Suppose z*t + 39 = -45. Let n be (-8)/t + 460/7. Calculate the highest common factor of n and 44.
22
Suppose -99*q + 5*u = -98*q + 7, 3*u = 3*q - 15. Suppose r - 6*y - 232 = -y, -4*r + 3*y + 928 = 0. What is the greatest common factor of r and q?
8
Let c = -3 + 5. What is the highest common factor of 2 and c?
2
Let p = -260 - -280. What is the greatest common divisor of p and 30?
10
Suppose 10 = 2*n + 2. Suppose 2*m - 3*l - 15 = 0, 13 = 2*m - 5*l - n. Let h be 3/(-18) - (-91)/m. What is the greatest common divisor of 120 and h?
15
Suppose 0 = v + 4*q - 88 - 56, -2*v + 4*q = -264. What is the highest common divisor of v and 119?
17
Let o = 4 - 1. Let h(p) = -10*p - 94. Let f be h(-10). What is the highest common divisor of o and f?
3
Let y = -7 + 20. Let r(f) = -f**3 + 11*f**2 + 32*f + 6. Let z be r(y). Calculate the greatest common divisor of 12 and z.
12
Suppose -802 + 674 = -2*r. What is the highest common factor of r and 176?
16
Let u(l) = 23*l + 180. Let a be u(-7). What is the highest common factor of 1 and a?
1
Suppose -177 = -3*l - 4*a, -a = -4 + 7. What is the highest common factor of l and 7?
7
Suppose 3*s + 0*s - 63 = 0. Suppose 5*q - 5*w = 185, 33 + 197 = 5*q + 4*w. Calculate the greatest common factor of s and q.
21
Let s be 13 + 0/(1 + 0). Let j(m) = 3*m + 56. Let h be j(5). Let y = h + s. Calculate the greatest common divisor of 56 and y.
28
Let v(r) = 2*r**2 + 3*r - 82. Let x be v(10). Calculate the highest common divisor of x and 4.
4
Suppose -6*g + 12018 = -1956. What is the highest common divisor of 17 and g?
17
Let v(a) = 11*a**2 - 203*a - 30. Let b be v(23). What is the highest common divisor of b and 70?
70
Suppose 5*i - 23 + 28 = 0. Let x(o) = -25*o**3 - o**2 - 2*o - 2. Let z be x(i). Calculate the greatest common factor of z and 192.
24
Let m be 4 + 0 + -3 + 0 - -494. Let c be (m/(-10))/((-1)/4). Calculate the highest common factor of 22 and c.
22
Suppose -3 + 5 = o. Let m = 19732 - 19716. Calculate the greatest common divisor of o and m.
2
Let d be (-34*(-3)/(-18))/((-19)/1026). Suppose -j + 5*f - 2*f = 0, 3*f = 0. Let u be 2 - j - (1 - 33). What is the highest common divisor of d and u?
34
Suppose -8*t = -104*t + 16224. Calculate the greatest common factor of t and 65.
13
Let f(k) = -2*k + 8 - 2 + 0*k + 16. Let g be f(10). What is the greatest common factor of g and 22?
2
Suppose -1164 + 129 = -9*j. Suppose 0 = -2*s + 7*s - j. What is the greatest common factor of 92 and s?
23
Suppose 3*q - 141 = 87. What is the greatest common factor of 608 and q?
76
Let r(i) = 13*i**2 - 9*i - 23. Let u be r(-4). What is the greatest common factor of 39 and u?
13
Suppose 5*w - o - 218 = 0, 8*o + 40 = w + 9*o. What is the highest common factor of 1333 and w?
43
Suppose 0 = -2*s + s + 3*q + 146, -s = -q - 144. Suppose -5*v = -s + 18. What is the greatest common divisor of 5 and v?
5
Let w(s) = -2*s + 4. Let z be w(0). Let p = 20 + z. Calculate the highest common factor of 240 and p.
24
Suppose -2*m + 190 = m - b, -2*b + 124 = 2*m. Suppose -36*h = -132 - 192. What is the greatest common factor of m and h?
9
Let m = -58 + 57. Let z be (16/2)/(m/(-12)). What is the highest common factor of 6 and z?
6
Let c be 6/5 + 4/(-20). Suppose 0 = -2*h + 118 - 18. Let k be 3/4 - h/(-8). Calculate the greatest common divisor of c and k.
1
Let c = -630 - -1058. What is the highest common divisor of c and 4?
4
Let y = 258 - 220. What is the highest common divisor of 76 and y?
38
Suppose 5*u - 5095 = 5*x + 3935, -4*u = x - 7234. Suppose 8*n - u = -136. Calculate the greatest common divisor of n and 19.
19
Suppose 4*y - 2*y - m = 76, -2*y + 84 = -3*m. Suppose 39*z = y*z + 33. Let r = 27 + -5. What is the highest common divisor of r and z?
11
Suppose 50 = -x + 96. Calculate the greatest common divisor of x and 4.
2
Suppose 3*b = -5*d - 371, d + 11*b + 85 = 14*b. Let y = d - -89. What is the highest common divisor of y and 247?
13
Let g be 3*(-1 + 1 - -1). Suppose 0 = -g*x + 4*q + 686, 0 = x + 3*x - q - 932. Suppose 9*a - 26 = 8*a. What is the highest common factor of a and x?
26
Suppose -2*k + 126 + 94 = 0. Suppose -4*d - d = -k. Let l = -204 + 292. Calculate the greatest common divisor of d and l.
22
Let j be ((-21)/35)/(1/5). Let b be j/((-3)/2)*(-92)/(-8). What is the highest common divisor of 69 and b?
23
Suppose 3*f = 46 - 7. Suppose -5*n + 4*i + 48 = 0, -1 = -2*n - i + f. Suppose 20 = -6*j + 7*j. Calculate the highest common factor of n and j.
4
Let y be -14 - 6/(3/1). Let n = 10 + y. Let b = n - -24. What is the highest common factor of b and 90?
18
Let b = -2 + 7. Let k be ((-16)/b)/(6/(-15)). Let j be (-69)/(-3) - (2 + -1 + -2). What is the highest common divisor of j and k?
8
Suppose 3*k = 2*a + 297, -9*k - 3*a = -11*k + 198. Calculate the greatest common factor of 44 and k.
11
Suppose 6*f - 2*h + 16 = 4*f, f - 4*h + 11 = 0. Let s = f + 14. What is the highest common factor of 35 and s?
7
Suppose 0 = -247*q + 240*q + 14. What is the greatest common factor of q and 72?
2
Let v = -177 + 192. What is the highest common factor of 105 and v?
15
Let w(u) = u**2 - 3*u + 8. Let j be w(4). Let n be (-3*56/j)/(-2). What is the highest common divisor of n and 35?
7
Let y = -40 + 150. Let u be (4 - 2)/(5/y). Suppose -2*i + 5*a = -u, 0 = -6*i + i - 5*a + 145. Calculate the greatest common divisor of i and 3.
3
Let a(c) = -30*c**2 - 1. Let o(t) = t - 2. Let v be o(4). Let i be a(v). Let y = i - -173. Calculate the highest common factor of 130 and y.
26
Let p(b) = -5 + 2*b + 14 + 0*b - 3*b. Let i be p(5). Suppose -r = -i - 3. What is the highest common factor of r and 42?
7
Suppose 0 = -17*z + 12*z + 155. Calculate the highest common divisor of 62 and z.
31
Let z(n) = 2*n**3 + 7*n**2 - 17*n + 59. Let p be z(7). What is the greatest common factor of 51 and p?
51
Suppose -18 = -2*u - 4*o, 0 = -2*u + 3*o + 13 - 2. Let z(d) = 2*d**2 + 4*d - 7. Let x be z(-9). What is the greatest common factor of x and u?
7
Let a(q) = q**3 - 19*q**2 - 17*q - 5. Let m be a(20). Suppose i - 2 = -4. Let c be ((-33)/6)/1*i. Calculate the highest common factor of c and m.
11
Let i be